the greatest common factor of 24 and y?
8
Let z = 21 - 15. Let n be 3/((-93)/(-96) - 1)*-1. Suppose 0 = z*u - 3*u - n. Calculate the greatest common factor of u and 8.
8
Let j = -268 + 276. What is the greatest common divisor of j and 20?
4
Let y be ((-5)/5)/(1/33). Let m = y + 47. What is the highest common factor of 35 and m?
7
Suppose -r + 0*r = 5*d - 16, -13 = -5*d + 2*r. Suppose -5*o + d*o + 184 = 2*b, -3*o = -b - 256. What is the highest common factor of o and 29?
29
Suppose 0 = -8*m + 7*m + 39. Calculate the greatest common divisor of 78 and m.
39
Let n(x) be the second derivative of 9*x**5/20 + x**3/6 + x. Let m be n(1). Let k = 6 + m. Calculate the highest common factor of 64 and k.
16
Let h(j) = j**3 - 7*j**2 + j + 1. Let o(t) = t**3 + 8*t**2 - 21*t - 3. Let u be o(-10). Let n be h(u). What is the highest common factor of 88 and n?
8
Let p(k) = -8*k + 138. Let l be p(-2). Calculate the greatest common factor of 1155 and l.
77
Suppose -2*l - 4 = -6*l. Let f be -13 + 24 + -4*l. Calculate the highest common divisor of 1 and f.
1
Let o be (-2)/(7/(-735)*3). Calculate the greatest common factor of o and 455.
35
Let t(k) = -3 + 5 - 5 + 54*k. Let b be t(2). Let c be (0 - 2) + 16 - -1. What is the highest common divisor of b and c?
15
Let n be -1 + (-3)/3 + 15. Let y be 13/(n/4)*21/4. What is the greatest common factor of y and 14?
7
Let n = -13 + 14. Suppose n = 5*u - 19. Suppose 64 = 2*t + u*j, 0 = -3*t - 3*j + 119 - 38. Calculate the greatest common factor of 154 and t.
22
Suppose -25 = -4*u + 11. Let y = 13 - 9. Let w = y - -32. What is the highest common divisor of w and u?
9
Suppose 0 = -4*r - b + 140, 19 = r + 3*b - 16. Calculate the greatest common divisor of r and 5.
5
Suppose -8*p = -3*p. Suppose p = l + 3*l - 144. Let j(n) = -4*n**3 + n**2 + n. Let c be j(-1). Calculate the greatest common factor of c and l.
4
Suppose 0 = -5*f + 2018 + 127. What is the highest common factor of 39 and f?
39
Let v be ((-2)/6)/(5/15). Let j be (-7)/(-14) + v/2. Suppose 5*s - 4*o = 81, s - 3*o + 6*o - 20 = j. What is the highest common factor of s and 119?
17
Let d(k) = -5*k - 64. Let y be d(-21). Let i = y + 63. What is the greatest common factor of i and 52?
52
Let w(q) = -q**3 - 3*q**2 + 2*q - 10. Let j(a) = -a**2. Let u(v) = 6*j(v) - w(v). Let x be u(5). Calculate the highest common divisor of x and 50.
50
Suppose -7 = 4*r - 51. Suppose -12*g + r*g = -15. What is the highest common factor of g and 6?
3
Let y be -31 + -93 + 4*1. Let d = 169 + y. What is the greatest common factor of d and 245?
49
Suppose 2*i + 46 = c - 3*i, 2*i + 202 = 4*c. Suppose -5*m = -o - 2*o - c, 2*m = -4*o + 10. What is the highest common divisor of m and 18?
9
Let f be (-4)/14 - 58/(-7). Suppose 9*r = f*r. Suppose 0*b - b + 18 = r. What is the greatest common divisor of 198 and b?
18
Suppose -382 = -w + 42. Let q = -26 + 79. Calculate the highest common factor of w and q.
53
Let n be 3450/33 - (-54)/(-99). What is the greatest common factor of 65 and n?
13
Suppose -179 = -3*c - 4*m, -3*m + 63 = -4*c + 5*c. What is the highest common factor of c and 247?
19
Let l(t) = t + 7. Suppose 0 = o + 4*o - 10. Let x be l(o). Calculate the greatest common divisor of 45 and x.
9
Suppose -22*k - 2*u + 71 = -17*k, 0 = 3*k - 3*u - 30. Let x be (-13)/(1 - (-12)/(-9)). What is the highest common divisor of k and x?
13
Let m(n) be the second derivative of n**5/20 - n**4/3 - 5*n**3/6 - 15*n**2/2 + 5*n. Let q be m(6). Calculate the highest common divisor of q and 270.
27
Suppose -3*c = -4*g - 4, 2*c + 2*g = 3*c + 2. Suppose 45 = c*u - 5*u. Calculate the greatest common factor of 45 and u.
15
Let z = 630 + -598. Calculate the greatest common divisor of z and 368.
16
Let i = 2 - -19. Let a be 3/(-18)*-2*i. What is the highest common factor of a and 1?
1
Let i = 0 - -7. Suppose -6*f = -i*f + 10. What is the greatest common factor of f and 4?
2
Let w be (-2 + -1)/((-36)/372). Calculate the greatest common factor of 31 and w.
31
Suppose 5*b + 3 = 3*b + 3*c, 2*c = -3*b + 2. Let d be 6 - 0/(b - -1). Let g = 10 - 1. What is the greatest common divisor of g and d?
3
Let o = 35 + -24. Let s = 78 + 37. Let t = s + -27. What is the highest common divisor of t and o?
11
Let z = -11 - -4. Let f = z + 7. Suppose x + f - 11 = 0. What is the highest common divisor of 11 and x?
11
Let p(y) = -2*y**3 - 7*y**2 + 2*y + 12. Let k be p(-6). What is the greatest common divisor of k and 20?
20
Let l(c) = -10*c - 34. Let t be l(-5). Suppose 2*n + 13 = 61. What is the highest common divisor of t and n?
8
Suppose -25*k = -23*k - 180. What is the greatest common divisor of k and 105?
15
Suppose -293 = -7*j + 36. Suppose -4*l + 1 = -j. Calculate the greatest common factor of 108 and l.
12
Suppose -3*g + 40 = 2*k - 5*g, 0 = -3*k + 2*g + 60. Let i be (-7)/5 + 4369/85. What is the greatest common divisor of i and k?
10
Let w = -83 - -88. Suppose -w*z + 2*i + i + 74 = 0, 0 = 2*z - 4*i - 38. Calculate the greatest common divisor of z and 26.
13
Let p = 1126 - 938. What is the greatest common divisor of p and 517?
47
Let w be -18*(-3)/((-4)/(-4) + 0). Calculate the greatest common divisor of w and 162.
54
Let r = 101 + 55. Calculate the greatest common divisor of 117 and r.
39
Let y(k) be the first derivative of -k**3/3 + 22*k**2 + 3*k - 17. Let h be y(14). Calculate the highest common divisor of h and 47.
47
Suppose 4*o + 186 = -2*f, 0 = -2*f + o - 0*o - 166. Suppose -86 = 5*p - 3*p. Let d = p - f. Calculate the highest common divisor of 28 and d.
14
Let j(a) = 21*a**2 + 38*a - 9. Let v be j(-3). Calculate the highest common factor of 66 and v.
66
Let i(f) = 17*f**2 + 6*f - 23. Let p be i(5). Let a be p/44 - 4/(-22). Calculate the greatest common divisor of 5 and a.
5
Suppose -w = -3*v + 3373 + 2179, -3708 = -2*v + 4*w. Calculate the greatest common divisor of 100 and v.
50
Let c(m) = -4*m + 42. Suppose 5*r - 37 = 2*d, 5*d + 3*r = 39 - 147. Let p be c(d). Calculate the highest common factor of p and 18.
18
Let j = -2 + 6. Suppose -12 + 36 = j*h. Let n = 8 - h. Calculate the greatest common factor of n and 2.
2
Let g = 277 + -256. Calculate the greatest common factor of 147 and g.
21
Let g = -195 + 239. What is the highest common divisor of 44 and g?
44
Let y = 3227 + -3173. What is the highest common divisor of 18 and y?
18
Let i = 56 - 33. Let x(d) = -25*d + 98. Let j be x(3). Calculate the greatest common divisor of j and i.
23
Suppose -r + 126 = 3*r - 3*g, -3*g + 138 = 4*r. Suppose 2*v - r = -21. Suppose 0 = -v*m + 106 + 20. What is the greatest common divisor of m and 105?
21
Let f(k) = 35*k + 259. Let s be f(-6). Calculate the highest common divisor of s and 3136.
49
Let z = 170 - 113. Let a(s) = s**3 - 19*s**2 - 2*s + 57. Let i be a(19). Calculate the greatest common factor of z and i.
19
Let w(a) = -6*a**3 + 21*a**2 + 2*a - 10. Let d be w(3). Calculate the greatest common divisor of d and 69.
23
Let o = 637 - 527. Calculate the highest common divisor of 180 and o.
10
Let p = -1198 + 1262. Calculate the highest common divisor of 1856 and p.
64
Let b = 1286 - 859. Calculate the greatest common factor of b and 61.
61
Let m = 33 + -15. Suppose m*w - 16*w = 10. Let r(q) = 3*q**2 + 2*q + 2. Let t be r(3). What is the highest common factor of w and t?
5
Let r = 17 + -5. What is the greatest common divisor of r and 60?
12
Let p(i) = i**3 - 2*i + 26. Let r be p(0). Suppose -2 = 4*d - r. What is the highest common divisor of d and 3?
3
Let b(p) = p**2 - 8*p + 5. Let s be b(8). Suppose -71*i + 500 = -46*i. What is the greatest common factor of s and i?
5
Suppose -6 = r - 5*n - 0, 0 = 2*n - 4. Suppose 0 = -5*x + 5*k + 65, x - 2*k = -r*x + 59. Calculate the greatest common factor of 44 and x.
11
Suppose -12*b + 31*b = 1064. Calculate the highest common divisor of b and 21.
7
Suppose 15 = 4*b - b. Suppose -z - 8 = -b*z. Let s be (-4 + -1)/((-1)/z). Calculate the highest common divisor of 30 and s.
10
Let m = -1030 - -1225. Calculate the highest common divisor of m and 78.
39
Let i = 54 + -22. Let w be (52/16)/(4/i). What is the greatest common divisor of 26 and w?
26
Let g = 412 + -283. What is the highest common factor of 3 and g?
3
Let g(v) = v + 42. Let p be g(0). Let t = -4 + -1. Let n = t - -19. What is the highest common fac